?
False
Suppose 2*r + 4*r - 53334 = 0. Is 4*r*(-4)/(-48) a composite number?
False
Let z = 5125 + -2612. Is z composite?
True
Suppose a - 5 = -4*z, -a - 4*a = z + 13. Suppose y + 3*j - 1334 = -y, z*j + 681 = y. Is y prime?
True
Suppose -u = -2*u + 11. Suppose -244 = -u*s + 3507. Is s a composite number?
True
Suppose 0 = j - 3*w + 856 - 6447, -3*j - 3*w = -16725. Is j a prime number?
False
Let g be (7 - -1)*(-2 + 0). Let l be (4 - (-68)/g)*-8. Suppose -13 = -x + l. Is x a prime number?
False
Let l = -9989 + 14376. Is l a composite number?
True
Let q(c) = -c**3 + 8*c**2 - 8*c + 11. Let f be q(7). Suppose -n = f*n - 35. Is n prime?
True
Let q be 2/3 + 6872/6. Suppose 0 = 5*c - 1489 - q. Is c a composite number?
True
Let b(k) = 3*k**2 + 11*k - 10. Let u(a) = -4*a**2 - 11*a + 11. Let d(f) = 5*b(f) + 4*u(f). Let c be d(10). Suppose 7*y = c*y + 3639. Is y a prime number?
True
Let r(g) = -4*g**3 - 3*g**2 + 2*g + 16. Let f be r(-8). Let i(v) = -v**2 - v + 4. Let c be i(0). Suppose -f - 188 = -c*h. Is h a composite number?
True
Let c = -749 - -3156. Is c a composite number?
True
Let b(f) = 9098*f**2 + 2*f - 3. Is b(1) composite?
True
Suppose 8*a = 389 + 411. Suppose 1341 + a = 11*v. Is v prime?
True
Let q be 18/24 - 6/8. Suppose 4*a = -3*f + 734, 0 = -q*a + 2*a + f - 368. Is a composite?
True
Suppose 3*v + 0*v - 9 = 0. Suppose 6*j + v = 33. Suppose -j*a + 81 = -574. Is a a composite number?
False
Suppose -15 = 3*b - 6*b. Suppose 18 = 5*q + t + 3*t, b*q - 15 = -5*t. Suppose -q = -3*d, -2*j + 2*d + 591 = 3*j. Is j composite?
True
Let i(p) = p**3 + 2*p**2 - 8*p + 12. Let z be i(-6). Let s = z - -99. Is s composite?
True
Suppose -255*d = -253*d - 10378. Is d composite?
False
Suppose 0 = 10*o - 14*o - 5*m + 539, -5*o - 2*m = -661. Is o prime?
True
Is 5/15 + (-217032)/(-36) a composite number?
False
Suppose 4 = x - 0. Suppose 2*i + 4*y = 1298, 0 = -x*i + 5*y + 1189 + 1407. Is i a prime number?
False
Let g be ((-24)/(-18))/((-1)/(-57)). Suppose 18*w = 22*w - g. Is w composite?
False
Let f(i) = -2572*i - 991. Is f(-8) composite?
True
Suppose -4*t - 2*a + 22 = 0, -5*t - 3*a = -10*t. Let d(m) = m. Let s be d(t). Suppose -3*v + 31 + 157 = 2*f, -s*v - 267 = -3*f. Is f a composite number?
True
Let j = 4 + -3. Let u = 4 + j. Suppose -5*y + u*r + 1783 = -217, -5*y = 3*r - 1960. Is y a prime number?
False
Suppose 964 = 7*c - 3*c. Suppose -3*v - j = c, -3*v + 91 = -4*v + 5*j. Let p = -28 - v. Is p a prime number?
True
Let z(y) = -y + 32*y**3 - 3*y - 31*y**3 + y + 1561. Is z(0) a composite number?
True
Let t = -2069 - -4061. Suppose 195 = -3*q - t. Let j = q + 1270. Is j a prime number?
True
Let j(t) = 45*t + 112. Is j(17) prime?
True
Suppose -6*i + 100562 = 29900. Is i prime?
True
Suppose 5*d - 84250 = -5*p, 9*d + p + 16860 = 10*d. Is d prime?
False
Suppose 120*a - 23942 = 118*a. Is a a composite number?
False
Let v be (8 - 7)/((-2)/(-48)). Suppose -y = 3*y - v. Let c = 19 + y. Is c prime?
False
Let f(i) = -i**2 - 8*i - 8. Let g be f(-6). Is (g - (0 + 1 + 1)) + 221 prime?
True
Suppose -9*g = 2*a - 10*g - 56805, -5*a + 3*g + 142012 = 0. Is a a composite number?
False
Let o(z) = -47*z - 181. Is o(-42) composite?
True
Let k = 0 + 0. Suppose -5*c = -3*j - 43 - 97, -2*j = -4*c + 110. Suppose x - 5*u - c = 0, -u + 43 = -k*x + 3*x. Is x prime?
False
Let h = 202 + 67. Let o = 266 + h. Is o composite?
True
Suppose 3*k + 2*o = -876, -k - 1169 = 3*k + 3*o. Let i = -193 - k. Suppose 3*s + 4 = i. Is s composite?
False
Suppose 0 = 113*d - 117*d - 8. Is (-1657)/((-6)/d + -4) prime?
True
Is (1440 - -14)/(12/3 + -2) composite?
False
Let m(u) = u + 1. Let l(d) = 8*d + 19. Let x(b) = l(b) - 2*m(b). Let a(t) = t**3 - 3*t**2 + t + 13. Let n be a(0). Is x(n) a prime number?
False
Let s = -2 + 7. Let b(u) = 2*u**2 - 4*u + 6. Let c be b(s). Suppose -2*g + 4*x = -42, 0*g - 2*x = 2*g - c. Is g a composite number?
False
Let w = 28756 - 15179. Suppose 10*y - w = -3597. Is y composite?
True
Suppose r - 632 = 3*i, -5*i = r - 9*i - 629. Is r a prime number?
True
Let f(j) = -47*j**2 + 5*j + 2. Let i be f(-7). Let o = -12106 + i. Is o/(-30) - (-2)/(-5) composite?
True
Suppose h - 17 = 14. Suppose 5*f - h + 1 = 0. Is (4/f)/(10/225) composite?
True
Suppose 2*x + 22 = -5*u, -2*x + x + 2*u + 7 = 0. Is ((-2391)/(-2))/(x/(-2)) a composite number?
True
Let r(f) = 5*f**3 + 4*f**2 + 5*f - 5. Let w = -3 + 0. Let v = 2 - w. Is r(v) a prime number?
False
Let f(b) = -3*b**3 + 12*b**2 - 7*b + 5. Let k(c) = -10*c**3 + 37*c**2 - 22*c + 16. Let h(s) = 7*f(s) - 2*k(s). Let t be 18/2 + (-3 - -3). Is h(t) composite?
True
Let b(c) = c**2 + 4*c - 3. Let w be b(-5). Suppose t = -w*t + 357. Is t composite?
True
Suppose 79*a = -53*a + 261756. Is a a composite number?
True
Suppose -4*d + 48 = -24. Suppose 5*r - 4*r = -3*s + d, r + 5*s - 26 = 0. Suppose -o - 816 = -4*n, r*o = 5*n + o - 1035. Is n a prime number?
False
Let b = -24 - -27. Suppose -u - 5*m + 90 = 0, -5*u + 565 = b*m - m. Is u composite?
True
Let k(b) = 5*b**3 + 2*b**2 - 3*b - 3. Let m be k(3). Is m - -2 - (-6 + 6) a composite number?
True
Let u = -304 + 630. Let v = 5 + -1. Suppose -v*t + 5*o = -u, 9 = 3*t + 3*o - 222. Is t composite?
False
Suppose -21*y - 5330 = -19169. Is y a prime number?
True
Suppose 0 = 5*b - 97 - 3. Let r = -1129 - -547. Is (b/30)/((-4)/r) prime?
True
Let c(b) = -27*b**2 + 13*b - 16. Let l be c(8). Let v = 2383 + l. Is v a composite number?
False
Let c(z) be the third derivative of -z**4/24 - 2*z**3/3 - 3*z**2. Let s be c(-6). Is s/2 + 1 - -89 prime?
False
Let l(i) = 1. Let s(m) = -28*m + 29. Let n(q) = 6*l(q) - s(q). Is n(4) a composite number?
False
Is 4 - (-11)/((-66)/(-13518)) a composite number?
True
Suppose -h = -d - 0*d - 10247, -3*d = -5*h + 51227. Is h prime?
True
Let c = -27 + 30. Suppose -5*z = 5, n + c*z = 731 - 80. Let h = -343 + n. Is h prime?
True
Let v be 2/(-9) - 5/(45/(-129431)). Suppose -v = -12*g - 5345. Is g a composite number?
True
Let s(f) be the first derivative of -35*f**3/3 + f**2/2 + 9*f + 10. Let i(o) be the first derivative of s(o). Is i(-1) prime?
True
Let b be (-14)/21 - (-11)/3. Suppose 1149 = b*x - 4*g, 0*g - 1125 = -3*x - 4*g. Is x prime?
True
Is 2/4 - 59496/(-16) prime?
True
Suppose -l = -3*u + u + 27237, -3*u + 40862 = 5*l. Is u a prime number?
True
Suppose -31 = -3*n + 20. Let x = 132 + -118. Let y = n + x. Is y a composite number?
False
Let j(k) = 1 + 2*k**3 + 0*k**3 - 11*k + 6*k**2 - 2*k**3 + k**3. Is j(-6) a prime number?
True
Is (-8)/28*(-1854678)/12 a composite number?
False
Is ((-5)/3)/(4/(-10068)) a prime number?
False
Let j(z) = 121*z**2 - 10*z + 12. Let g be j(3). Let l = g - -1106. Is l composite?
True
Suppose c = -6 + 9. Let m be (1*c)/((-24)/(-16)). Suppose -725 = -3*v - m*v. Is v composite?
True
Let s = -16 - -46. Suppose -26*o - 708 = -s*o. Is o a prime number?
False
Let t = -1478 + 2744. Let h = 2063 - t. Is h a prime number?
True
Let y be (-7)/(21/12) - -7. Suppose -4*w + 4*i = y*i - 597, 0 = -w + i + 150. Is w a composite number?
False
Suppose 18 + 17 = 5*k + 2*a, -4*k = 3*a - 35. Suppose 0 = -k*g - 0*g + 4175. Is g prime?
False
Let i(l) = l**3 - 6*l**2 - 6*l + 7. Let t(o) = o + 16. Let r be t(-7). Let w be i(r). Suppose -p = 3*p - w. Is p a prime number?
False
Suppose 0 = -51*i + 42384 + 30852. Suppose q - 3*g - 12 = 0, 2*q = -q + 5*g + 20. Suppose 3*b - b - i = q. Is b prime?
False
Suppose -25520 = -19*d + 11*d. Suppose -h - 75 = 3*l - 878, 0 = -4*h - l + d. Is h prime?
True
Let q(f) = f**2 - 10*f + 16. Let j be q(8). Suppose g - 2*g = -4*x - 12, j = 5*g - 3*x - 26. Is 118 + 2 + g/(-4) prime?
False
Let y(w) = -w**3 + 13*w**2 - 15*w - 1. Let n be y(10). Suppose -n = -3*q + 820. Is q a composite number?
True
Let w(s) = -3*s + 5. Let y be w(5). Let b(c) = -214*c + 15. Is b(y) a composite number?
True
Is ((-20)/8)/5*(-9407 - -1) prime?
True
Let j(w) = 2*w**3 - 21*w**2 - 30*w - 50. Is j(17) a prime number?
False
Suppose -1365 = -x - 2*j, 5*x + 4*j + 2714 = 7*x. Is x a composite number?
False
Suppose 0 = 2*k + 5*b + 160 + 875, 5*k + 3*b + 2616 = 0. Let q = 688 - k. Is q composite?
False
Let g = -77 - -79. Let h(c) = 49*c**3 + 6*c - 7. Is h(g) prime?
True
Is 9/45 - 3/15 - -45659 composite?
False
Let d = 205768 + -117339. Is d composite?
True
Let j(c) = c**3 - c**2 + 7. Let d be j(5). Suppo